vative of -z**4/4 - 2*z**3/3 - z**2/2 - 3*z + 73. Calculate w(-4).
33
Let s(p) be the first derivative of -p**7/140 + p**4/24 - 17*p**3/3 + 21. Let y(m) be the third derivative of s(m). Determine y(1).
-5
Let d(x) be the second derivative of x**4/12 - 2*x**3/3 - 4*x**2 - x. Let k(g) = 2*g - 59. Let a be k(33). Calculate d(a).
13
Let i(z) be the third derivative of z**5/60 - z**4/12 - z**3/6 - 6*z**2. Let w(q) = q + 2. Let x be w(1). Calculate i(x).
2
Let q(c) = 46 - 5*c**2 + c**3 - 116 + 65 + 3*c. Give q(6).
49
Let c(f) = f**2 + 7*f + 1. Let m(v) = -v**2 + v - 1. Let g(u) = -5*u**2 - 4*u - 6. Let i(p) = -g(p) + 4*m(p). Let o(y) = 3*c(y) - 2*i(y). What is o(-5)?
-1
Let n(u) = -u**3 + 7*u**2 - 2*u - 1. Let b(c) = -c**3 + c**2 + c + 1. Let f(z) = 2*b(z) - n(z). Let h(s) = s**2 - s - 1. Let v(d) = -f(d) - 4*h(d). Give v(2).
13
Let o(b) = 1 - 3*b + b + 5*b. Suppose w + 3 = -5*j, -4*w = -8*w + 8. What is o(j)?
-2
Let l(c) = 20*c**2 + 4*c - 1. Let d(q) = -9*q**2 - 2*q + 1. Let t(i) = 7*d(i) + 3*l(i). Determine t(-3).
-17
Let n(f) be the first derivative of -3*f**4/2 + f + 15. Let j be (6 + -5)/(2/(-10)). Let l = j + 4. Give n(l).
7
Let y(h) = 14*h**3 - h**2 + 1. Let n = -228 - -229. Give y(n).
14
Let b be (-16)/6 - 5/15. Let r(i) = i**3 - 3*i**2 + 9. Let v = 15 - 10. Let h(y) = -y**3 + 4*y**2 - 10. Let l(a) = v*h(a) + 6*r(a). What is l(b)?
-5
Let o(c) = 3*c**3 + 13*c**2 + 5. Let i(r) = 9*r**3 + 37*r**2 + 14. Let x(q) = 6*i(q) - 17*o(q). Calculate x(1).
3
Let h(k) = -k**2 + 10*k - 10. Let v(m) = 2*m**2 - 4*m + 9. Let j be v(2). What is h(j)?
-1
Let h(s) = -4 + 889*s - 888*s + 1. What is h(11)?
8
Let y = 57 - 54. Let a(c) = c**2 - 3*c + 4. Give a(y).
4
Suppose 15*i + 6 = 18*i. Let x(y) = -y**2 - 9*y - 9*y**i - 4 + 9*y**2. What is x(-9)?
-4
Let s(r) = r - 2. Let d = 43 - 28. Suppose 12*w - d*w = -9. Let i be (20/(-6))/(-2)*w. Calculate s(i).
3
Suppose 2*j + 3*n + 8 = 5*n, -2*n = -j. Let f be (4/j)/(1/(-6)). Let g(z) = -2*z**2 + 5*z - 3*z**2 + 4*z**2 + 1. Calculate g(f).
7
Let m(a) = 2*a**2 - 60*a + 14. Let n be m(30). Let h(w) = -4*w + 62. Determine h(n).
6
Let l = -11 + 7. Let d(y) = 9. Let n(h) = -h + 37. Let s(m) = -9*d(m) + 2*n(m). Let r be s(l). Let p(o) = -4*o**3 - o**2 + o. Determine p(r).
-4
Let l be -2 + (-1)/(-5) + (-2533)/(-85). Suppose 29*q - l*q = -5. Let g(o) = -o**2 - 5*o - 5. Give g(q).
-5
Let j(p) be the first derivative of -1 + 2*p + 1/4*p**4 + 1/3*p**3 - 1/2*p**2. Let m be 0/(15/(-5))*-1. Give j(m).
2
Let z(o) = o**2 + o - o + o + 1. Let a(l) = l**2 + 2*l + 2. Let g(j) = -4*a(j) + 5*z(j). Let w(u) = -u**2 - 22*u - 36. Let s be w(-20). Determine g(s).
1
Let r be 61 + -60 + -1 + 1. Let p(i) = -8*i**3 + i**2 + i - 1. Give p(r).
-7
Let z = -277 + 271. Let y(j) = -j**3 - 7*j**2 - 4*j - 3. Determine y(z).
-15
Let f = 1619 + -1626. Let z(o) = 5*o + 16. Determine z(f).
-19
Let y(p) = -p - 6. Suppose 3*z = 4*z + 2*w + 2, -7 = -z - 5*w. Let r = z - -5. What is y(r)?
-3
Let l(q) be the first derivative of -q**3/3 + 4*q**2 - 9*q - 345. Calculate l(5).
6
Suppose -v - 5 - 3 = 0. Let y = 6 + v. Let p be y - (-10 + (-3 - -7)). Let k(h) = -h**3 + 5*h**2 - 6*h + 5. Give k(p).
-3
Let f(s) = 5*s + 2. Suppose g = -31*g - 96. Determine f(g).
-13
Let m(h) = -15*h + 4. Let p(i) = -2*i - 2. Let k(n) = -m(n) + 5*p(n). Calculate k(3).
1
Let i(y) = 2 - 249*y**3 + 108*y**3 - 3 + 103*y**3. Give i(-1).
37
Let q(l) = -4 - 4*l + 2*l + l. Give q(6).
-10
Let m be 26/39*3/2. Let t be m + 4 - (8 - 6). Let b(n) = -7*n**3 - n - 1 + 2 + 6*n**t. What is b(1)?
-1
Let u = 132 + -130. Let y(l) = -l**3 - 3 + 10*l + 7*l**u + 2 - 7. Calculate y(8).
8
Let o(h) = 3*h**2 - 4*h. Let c = -18 - -2. Let a be ((-4)/(c/12))/1. Calculate o(a).
15
Let g(d) = -3*d - 5. Let q(n) = -n. Let p(o) = -g(o) + 4*q(o). Let z(k) = -k**3 + 17*k**2 - 17*k + 20. Let m be z(16). Calculate p(m).
1
Let a(o) = -o**3 + 2*o**2 + o - 2. Suppose 5*p + 66 - 6 = 3*c, -c = 5. Let b be (-5)/p - 14/6. Give a(b).
12
Let l = 17 - -7. Let u be l/11 - ((-408)/(-66) + -6). Let g(m) = -2*m**2 - m + 1. Calculate g(u).
-9
Let v(d) be the third derivative of d**7/5040 - d**6/90 - 5*d**5/6 - 2*d**2 - 3. Let x(r) be the third derivative of v(r). Determine x(7).
-1
Suppose -4*t + 2*z = -6, 3*t - 2*z - 1 = 3. Let b(o) = 4 - 3 + o**t + 8 + 8*o. Let a = -33 + 27. What is b(a)?
-3
Suppose 0*p + 5*p = 4*a + 27, 28 = -3*a - 4*p. Let c(v) = 11*v**2 - 11*v + 2. Let s(k) = 4*k**2 - 4*k + 1. Let b(r) = a*s(r) + 3*c(r). Calculate b(3).
4
Let x(d) = -9*d**3 - 8*d**3 + 3*d**2 + 16*d**3 + 12 + 4*d**2 + 3*d**2. Suppose 5*w + 15 = -2*f + 55, -f - 15 = -w. What is x(w)?
12
Let l(g) = -g**2 + 4*g + 14. Let k be l(6). Let h(d) = -d**3 - 6*d**2 + 6*d**2 + k*d - 2*d**2 + 4. Determine h(-3).
7
Let i(a) = 6*a**3 - 1. Let w be i(-1). Let h(b) = -2*b - 12. Let d(v) = -v - 6. Let g(f) = 5*d(f) - 3*h(f). Determine g(w).
-1
Suppose -18150*r = -18155*r - 45. Let q(g) = -g**2 - 6*g + 16. What is q(r)?
-11
Let t be (-215)/(-25) - 2*2/(-10). Let y(s) = -s**3 - s**2 - 8*s - 5. Let d(q) = -2*q**3 - q**2 - 17*q - 10. Let v(k) = t*y(k) - 4*d(k). What is v(-4)?
-5
Let a(c) be the first derivative of c**6/360 + c**5/40 + c**4/6 - 2*c**3 + 36. Let w(b) be the third derivative of a(b). Let n = 7 - 11. Give w(n).
8
Let s = -27 - -14. Let b(v) = -v**2 + 8*v + 10. Let w be b(7). Let g = s + w. Let q(k) = k**3 - 5*k**2 + 4*k - 3. Determine q(g).
-3
Let w(m) = -12 + 6*m + 6*m - 10*m. What is w(9)?
6
Let u(y) be the second derivative of -2*y**3/3 + 3*y**2 + 7*y - 2. Calculate u(3).
-6
Let s(h) = -h**3 - 6*h**2 - 5*h - 2. Let v be (-5)/(-2)*(5 + 3 - 10). Give s(v).
-2
Let f(h) be the second derivative of -h**5/20 + h**4/2 - 5*h**3/6 + 3*h**2 + 2*h + 5. What is f(4)?
18
Let i be (6/(-10))/(14/(-70)). Suppose 2 + 6 = -i*b - t, -t + 1 = 0. Let w(d) be the third derivative of d**4/12 - d**2. Determine w(b).
-6
Let g(h) be the third derivative of h**6/120 - 2*h**5/15 + h**4/12 + h**3/2 + h**2 - 5. Calculate g(8).
19
Let p(x) = 133 - 133 + 2*x + x. Let t(i) = -i**2 - 8*i - 12. Let h be t(-4). Give p(h).
12
Let v(t) = -9*t**2 - 23*t - 26. Let z(b) = -7*b**2 - 20*b - 25. Let i(f) = 3*v(f) - 4*z(f). Determine i(-10).
12
Let k(d) = -25*d + 231. Let i be k(9). Let o(f) = -f - 4. Determine o(i).
-10
Let o(w) = -w**2 + 3*w + 2. Let m(s) = -2*s**3 - s**2 + 4*s + 1. Let b be m(-2). Suppose -b*l + 8 = -7. Give o(l).
2
Let o(a) = a**2 + 5*a + 4. Let h be o(-4). Suppose h = 5*s - 45 + 15. Let d(i) = -i**3 + 6*i**2 - 5. Determine d(s).
-5
Let h(r) = -r**3 - 10*r**2 + 12*r + 12. Let b(i) = 2*i**2 + 4*i + 5. Let j be b(-4). Suppose -j = -3*c - 54. Determine h(c).
1
Suppose 4*c - c - 164 = -2*o, -3*o + c = -246. Let k(p) = -p + 0*p + 81 + 0*p - o. Let s = 1 + -6. Calculate k(s).
4
Let v(k) = k**2 + 8*k + 8. Let r = -554 - -548. What is v(r)?
-4
Let k(w) = -3*w + 1. Let c(u) = -14*u - 10. Let t(r) = c(r) - 5*k(r). What is t(8)?
-7
Let n(a) = a**3 - a**2 - 14*a + 31. Let t be n(3). Let c(h) = h**2 - h + 6. What is c(t)?
48
Let i(g) = 2*g**2 + 9*g - 15. Let n(w) = -18*w + 264. Let k be n(15). Determine i(k).
3
Let r(y) = 5 - 317*y**2 - 3*y - 3*y + 5*y + 322*y**2 - y**3. Give r(5).
0
Let r = -10 + -2. Let a = 12 + r. Let f(b) = 2*b + a*b - 2 + 3 - 8. Calculate f(7).
7
Let i(j) = 3*j**2 + 20*j - 10. Let y(s) = -2*s**2 - 13*s + 7. Let b(r) = -5*i(r) - 8*y(r). Calculate b(-6).
6
Let v(x) = -x**3 - 4*x**2 + 5*x + 1. Let z be v(-5). Let k be (0 - (z + 1)) + 8. Let t(h) = 4*h**3 - 3*h**3 - 3*h**2 - k*h + 7*h**2 + h - 7. What is t(-5)?
-7
Let l(n) = -2*n + 10. Let k(z) = 6*z**3 + z**2 - z + 1. Let m be k(1). Let y = -2 + m. Let f(c) = -2*c + 9. Let a(x) = y*l(x) - 6*f(x). Calculate a(4).
4
Let b(f) = -5*f**2 - 16*f + 5. Let d(l) = -2*l**2 - 6*l + 1. Let k(x) = b(x) - 3*d(x). Let h be 2 + 0 + (-5)/1. Determine k(h).
5
Let b = 3 - 2. Let t(k) = k + 13. Let z(g) = 10*g + 65. Let d(f) = 20*t(f) - 4*z(f). Determine d(b).
-20
Let k(h) be the third derivative of h**6/120 - h**4/8 + h**3/6 + 106*h**2 - h. Give k(-3).
-17
Let h(j) = 7*j. Let m = 18 - 14. Suppose -4*q + 4*l = -0*q, -3*q + l - m = 0. Calculate h(q).
-14
Suppose -4*c + 7 = 3*o, 0 = 6*c - c - o - 4. Let i(v) = -v + 2. Let d(g) = -g - 1. Let t(a) = c*i(a) + 5*d(a). Determine t(-2).
9
Let w(h) = -h - 7. Let c(o) = 3. Let m(p) = 4*c(p) + w(p). Calculat